ns digit of h?
0
Suppose -c + 246 = 101. What is the tens digit of c?
4
What is the tens digit of -4*((-21411)/12)/9?
9
Suppose 3*h + 54 = -3*i, -4*h + 4*i + 1 - 105 = 0. Let v = 48 + -17. Let o = v + h. What is the units digit of o?
9
Let c(b) be the third derivative of -b**6/120 + b**5/10 - b**4/4 + b**2. Let g be c(5). What is the tens digit of g/(10/(-28)) + -1?
1
Let g be (-1 - -2)/(-2 - -3). Let d be ((-4)/(-2))/g - -1. Let r(l) = l**3 + 3*l**2 - 4*l - 2. What is the tens digit of r(d)?
4
Let d(l) = l + 16. Let b = 2 - 16. Let r be d(b). Let h(o) = 2*o**3 + 2*o**2 - 5*o + 3. What is the units digit of h(r)?
7
Let w(l) = -l**2 - 13*l - 17. Let v be w(-11). Suppose 0 = -4*t + t - 21. What is the units digit of (v - 3 - t) + 0?
9
Suppose 0*f - 1530 = -5*f. Suppose -2*j + 2*q = -200, -5*q = 3*j - 2*q - f. What is the hundreds digit of j?
1
Let j be (-4)/(-6 - -2) + 3. Suppose -5 = -r + 3*x + 26, -j*r - 5*x + 73 = 0. What is the units digit of r?
2
Let u = 1951 - 883. What is the hundreds digit of u?
0
Let m be (-2)/(-4)*(0 + 12). Let d(z) = -z + 6. Let b be d(m). Suppose 0 = 3*h - 4*w - 93, b = -3*h - 2*w + w + 93. What is the units digit of h?
1
Suppose 0 = 5*u - 9*u + 24. Suppose -4*i + u = 2. What is the units digit of -1 + 0 + (5 - i)?
3
Let r = 533 + 35. What is the units digit of r?
8
Suppose 0 = -2*q + 6, -961 - 205 = -g - q. What is the tens digit of g?
6
Suppose 9485 - 2665 = 3*n + 4*i, 2*n - 5*i = 4562. What is the tens digit of n?
7
What is the hundreds digit of (-18)/5*(-514090)/606?
0
Suppose 0 = m + 4*m - 3*q - 25, m - 22 = 4*q. Suppose -m*i + 90 = 2*t - 0*i, 0 = -4*t - i + 180. Let g = -23 + t. What is the units digit of g?
2
Suppose -7*b = -6*b - 2. What is the tens digit of 298*b/(3/((-9)/(-12)))?
4
Let o be (-4)/6*18/(-4). Suppose o*g + g = -4*l + 64, 0 = 4*g + 3*l - 62. What is the units digit of g?
4
Suppose u + 4 = 3*q - 0, -3*u - 16 = -5*q. Let j(w) = w**2 + 6*w - 1. Let g be j(u). Suppose -c - 100 = -g*c. What is the units digit of c?
0
Let r be -6 + 0/(-3) - 1. Let w(v) be the second derivative of -2*v**3/3 - 5*v**2 + 16*v. What is the units digit of w(r)?
8
Suppose -2*i - 3*j + 24 + 34 = 0, 5*j = 5*i - 170. Let k = -1 + i. What is the units digit of k*(0 + 4)/4?
1
Let z(m) = -10*m + m - m**2 - 2 + 1 + 6. Let o be -7 + (2 - (0 - -2)). What is the tens digit of z(o)?
1
Suppose r - 5 = -39. Let o = 30 + -21. Let v = o - r. What is the units digit of v?
3
Suppose -9 = -j + 1. Let r(k) = 20*k - 16. What is the hundreds digit of r(j)?
1
Let p = -90 + 160. What is the units digit of ((-9)/(-5))/(42/p) + 270?
3
Suppose -q - 3 = 0, -s - 4*q = -9*q - 14. What is the tens digit of (-62)/(-31)*(18 + (s - -2))?
3
Let h = -4 - -10. Let b be (h/(-9))/((-1)/3). What is the units digit of (-4 + 0)*(0 - b)?
8
Suppose 0 = 8*t + 3*t - 15257. What is the units digit of t?
7
Suppose -4*n - 20 = -5*q + n, -3*q - n = -4. Let u be 1/q*(-1 - -5). What is the units digit of ((-6)/u)/1 + 31?
8
Let c be 1 + (0 - (2 + -1)). Suppose 24*j - 168 = 20*j. Let w = c + j. What is the units digit of w?
2
Let i(d) = -6*d**3 - 13*d**2 + 10*d - 17. What is the tens digit of i(-10)?
8
Let n = 11 + -8. Suppose -n*q + 8 = q. Let m(r) = 3*r**3 - 2*r**2 + 3*r - 3. What is the units digit of m(q)?
9
Let m = -4635 + 6990. What is the units digit of m?
5
Let r(d) = -d**3 + 9*d**2 + d + 8. Let p = -31 - -38. What is the hundreds digit of r(p)?
1
Let i = 216 + -138. What is the tens digit of i?
7
What is the units digit of ((-334)/3)/(((-44)/(-6))/(-11))?
7
Let t be (4 - 7)/(-1) - -3. Suppose -256 = -2*v - t. What is the hundreds digit of v?
1
Let n be 4*(-12)/8 - 26. Suppose -4*w + 5*f - 89 = 0, 0 = 3*w + 2*w + 2*f + 70. Let k = w - n. What is the tens digit of k?
1
Let m(y) = -2*y - 8. Let z be m(-7). Suppose -108 = -3*s + z. What is the units digit of s?
8
Let l = -20 - -11. Let k(c) = -25*c - 20. What is the tens digit of k(l)?
0
What is the hundreds digit of -2*3967/(-12) + 33/(-198)?
6
Suppose -2*i = -5*g - 131, 2*i + 6*g - 158 = 2*g. Suppose 10*s - 997 = i. What is the units digit of s?
7
Let x = 4 + -14. Let n = -8 - x. Suppose 0 = -3*d - 2*o + 61, -n*d + 3 = -5*o - 6. What is the units digit of d?
7
Suppose -2*n = -5 - 7. Suppose -5*p - r = -6, 3*r - r = -4*p + n. Let b = p + 13. What is the tens digit of b?
1
Suppose 0 = 5*r - 0*r. Suppose -j + r = -3. Suppose f + 0*u - 12 = -j*u, 5*f - 32 = -u. What is the units digit of f?
6
Let x = 1058 - 447. What is the units digit of x?
1
What is the units digit of 1 + 15/(-17) + 1233860/1445?
4
Let d be 9/(-2)*6/(-9). Suppose -150 = -5*n - 2*z, -n - z + d*z + 18 = 0. What is the tens digit of n?
2
Let v be (-3 - -3) + -3 + 136. Suppose -i - 5*b + v = 0, 4*b = -5*i + 5*b + 587. What is the units digit of i?
8
Let q(u) = -u**2 + 13*u - 35. Let t be q(6). Suppose t*r + 1188 = 13*r. What is the tens digit of r?
9
Suppose -37 - 962 = 3*w. Let y = 615 + w. What is the hundreds digit of y?
2
Let d = 3172 - 1475. What is the units digit of d?
7
Suppose -7387 = -17*r + 1317. What is the hundreds digit of r?
5
Let y(u) = -8*u**3 - 2*u**2 - 2*u - 1. Let t(v) = -v**2 + 7. Let k be t(-3). What is the tens digit of y(k)?
5
Let h = 1344 + -831. What is the units digit of h?
3
Let s(b) = -b**3 + b**2 - b + 73. Suppose -7*t = 2*t. What is the tens digit of s(t)?
7
Let t(b) = -100*b - 394. What is the units digit of t(-5)?
6
Suppose -18994 = -22*l + 25600. What is the tens digit of l?
2
Suppose 7*j - 10 - 4 = 0. What is the units digit of j?
2
Let w(l) = l**2 + 10*l + 17. Let r be w(-9). Let o = 54 + r. What is the units digit of o?
2
Let x(a) be the first derivative of -9*a**4/2 + a**3/3 + a**2/2 + a - 6. Let j(v) = v**2 - 6*v - 1. Let t be j(6). What is the units digit of x(t)?
9
Let n(u) be the third derivative of -17*u**4/24 + 17*u**3/3 - 3*u**2 - 6. What is the tens digit of n(-6)?
3
Suppose 4*v + 1316 = 8*v. Let g = -174 + v. What is the hundreds digit of g?
1
Let l = 1543 - 721. Suppose -l = -5*j - 2*g, 2*j + 2*j - g - 668 = 0. What is the hundreds digit of j?
1
Let u(d) = 12 - 2*d + d - 5*d + d. What is the tens digit of u(-5)?
3
Let r = 159 + -147. Suppose -2*b = 3*d - 257, -6*d = -2*d + r. What is the hundreds digit of b?
1
Suppose -3*i = m - 6, 0 = -i - 5*m + 4*m. Let y(r) = r**3 - 2*r - 3. Let t be y(i). Suppose -3*b = -b - t. What is the units digit of b?
9
Let f(n) = n**3 + 25*n**2 - 32*n + 27. What is the tens digit of f(-26)?
8
Let i(k) = -241*k**3 + 6*k**2 + 8*k + 7. What is the units digit of i(-3)?
4
What is the tens digit of (-2)/(-1) - -182*(-30)/(-12)?
5
Let t be 4*1/4 - -4. Let w(n) = -5*n**3 + 8*n**2 + 6*n - 24. Let l(q) = 4*q**3 - 8*q**2 - 5*q + 23. Let h(v) = t*w(v) + 6*l(v). What is the tens digit of h(-8)?
1
Let y = -18 - -26. What is the units digit of 20/80 - (-1270)/y?
9
Let b = -20 + 25. Suppose 2*u - 5*u = 4*w - 20, 6 = -u + b*w. Suppose 4*v - u*l - 93 = 11, 0 = -l - 2. What is the tens digit of v?
2
Let n(k) = 145*k**2 + 22*k - 10. What is the hundreds digit of n(4)?
3
Let v(g) be the third derivative of 1/2*g**3 + 4*g**2 + 0*g + 0 - 7/24*g**4. What is the units digit of v(-3)?
4
Let u = -320 + 424. What is the tens digit of u?
0
Let y(s) = -396*s**3 + 2*s + 3. What is the tens digit of y(-1)?
9
Let b(j) = 102*j - 52. What is the units digit of b(4)?
6
Let f(x) = x**3 + 21*x**2 + 21*x + 17. Let r be f(-20). Let h(v) = v**3 - 5*v**2 + 2*v - 4. Let n be h(5). Let i = r + n. What is the units digit of i?
3
Suppose 17 = -3*t + 5, -2*r + 2546 = -4*t. What is the hundreds digit of r?
2
Let o be -13*((-1)/1 + -3). Let v be (6/(-2) - -3)*3/(-3). Suppose v + o = 4*z. What is the tens digit of z?
1
Suppose y + 7 = -2*r, 4*r + 11 + 9 = 4*y. What is the units digit of 4/(-16)*1 - 817/r?
4
Let i = -23 + 27. Suppose -5*r + 90 = i*r. What is the tens digit of r?
1
Let q(c) = 21*c**3 - 12*c**2 + 28*c - 17. What is the thousands digit of q(5)?
2
Suppose -4*w - 4*h - 3507 = -14235, 5374 = 2*w + 4*h. What is the hundreds digit of w?
6
Let o = 6 + -14. Suppose 0*q - 3*q = -36. What is the units digit of q/(((-9)/o)/3)?
2
Let a = 1094 + -583. What is the units digit of a?
1
Let z(d) = -d**3 + 4*d - 8*d - d**2 + 2 + 2. What is the tens digit of z(-4)?
6
Suppose -8*h - 734 = -17014. What is the thousands digit of h?
2
